82558. Is t prime?
False
Suppose 5*m + 3*g - 197 = 5*g, 0 = -4*g + 16. Suppose m*s = 42*s + 91. Is (s + 9)*26/(-4) a composite number?
True
Let u(q) = -6*q + 1241. Is u(67) prime?
True
Let o = 2125927 - 1146708. Is o composite?
False
Let b(t) = 573*t**2 + 12*t - 46. Let o be 4 + (-2)/(-10) + (-12)/10. Is b(o) composite?
False
Let z = 36 + -34. Let m be 5/((-25)/z) - (-18069)/(-15). Let j = 152 - m. Is j prime?
False
Let y(c) = 260*c**2 + 26*c + 343. Is y(-10) composite?
False
Suppose -4*d + d - 3*v - 126 = 0, -5*d = v + 190. Let s = 34 + d. Is (-613)/(3/9*s) prime?
True
Suppose 7*z + 5*z = 3*z. Suppose -a + 91682 = 4*q + a, -4*q + a + 91685 = z. Is q a composite number?
False
Suppose 2*g - f = 128669, 0 = -2*f - 0*f + 2. Let w = g - 32786. Is w composite?
True
Suppose 0 = -7*n + 13 - 104. Let f be 2/13 - 50/n. Suppose h = -f*h + 1195. Is h a composite number?
False
Let m be 3/((-72)/(-6)) - 658/8. Let n = m - -83. Is (-1 - n)*3188/(-8) composite?
False
Let o = 569 - 1607. Let l = o + 3091. Is l a prime number?
True
Suppose 3*c = 112 - 16. Suppose -c*s + 29*s + 3*n + 2643 = 0, -5*s + 4425 = -n. Is s composite?
True
Suppose 1 = -c, -3*j + 5*c - 11020 = -247227. Is j composite?
True
Suppose k = -k - 2*i - 18, k = -4*i - 24. Let g(o) = o**2 - o - 17. Let t be g(k). Let q(u) = 45*u**2 - 8*u + 12. Is q(t) prime?
False
Let g(w) = 9*w**3 - 6*w**2 - 12*w - 103. Is g(12) a composite number?
True
Let d(g) = 5*g**3 - 39*g**2 + 23*g - 13. Let q(p) = -10*p**3 + 76*p**2 - 46*p + 25. Let v(i) = 11*d(i) + 6*q(i). Is v(-16) a prime number?
True
Is 20*(-7)/(-28) + 33956 prime?
True
Suppose -4*v + 4*p = -353324, -5*p = 3*v - 2*v - 88361. Suppose 25*l - v = 17*l. Is l a composite number?
True
Suppose 3*f + 0 = 5*o - 1, 4 = 2*o. Suppose 5*b + 2*g = -0*g - 6, 9 = b - f*g. Suppose 3*n + 792 - 2910 = b. Is n prime?
False
Let o = -85 - -88. Suppose -o*d = -10*d + 11557. Is d a composite number?
True
Let w(k) = 48*k + 39. Let b be w(21). Suppose -7*l + 1130 = -b. Is l a prime number?
True
Let n = 2431 - -1577. Let z = -2527 + n. Is z prime?
True
Suppose 8*d = 5*y - 6*y + 8292575, 3*y = 2*d - 2073121. Is d a prime number?
False
Let y(f) = 31917*f + 64. Is y(1) composite?
False
Let c = 47 + -67. Let d(u) = -u**2 - 21*u - 20. Let k be d(c). Suppose k = 5*l - 2*v - 3*v - 2245, -2*l - 5*v = -877. Is l a prime number?
False
Suppose -21 + 13 = 2*v, 4*g - 2*v = 32. Is 8/g*41586/232 a prime number?
True
Let w = -2 - -9. Suppose -127 = w*k + 160. Is k/((-25)/10 + 2) composite?
True
Let y(q) = -q**3 - q**2 - 9*q - 8. Let j be y(-6). Suppose -4*p = -2038 + j. Is 4 + -3 + -1 + p prime?
False
Suppose 0 = 3*j + 5*u - 217, 37 = 4*j + 3*u - 256. Let r = j - 72. Suppose 2*k = z - k - 552, -r*z + 4*k + 1094 = 0. Is z a composite number?
True
Let w(o) = -48*o + 10. Let x be w(8). Let q = 123 + 730. Let h = q + x. Is h a composite number?
False
Suppose -40741 - 3709 = -b + 4*f, -2*b + 4*f = -88908. Is b a composite number?
True
Let a be (8/14 + (-9)/(-21))/(-1). Is 16253 + a + 14/14 prime?
True
Let y = 28602 - -137617. Is y prime?
True
Suppose 32*b = 41*b - 72. Suppose -b*u - 4617 + 13825 = 0. Is u a composite number?
False
Suppose 2*q + 1472 = -2*r, 0 = -4*r + 8*r + 3*q + 2948. Let i = 4981 - r. Is i composite?
True
Let s = -285 + 269. Let z(j) = j**3 + 28*j**2 - 2*j - 1. Is z(s) a prime number?
False
Let i(o) = -3302*o + 207. Is i(-7) prime?
True
Let q(w) be the second derivative of -12*w + 0 + 5/2*w**2 - 7/6*w**3 + 5/6*w**4. Is q(12) a composite number?
False
Suppose 0 = -5*j - c + 558258, -2*c = j + 2244 - 113883. Is j composite?
False
Suppose 5*n + 4*w + 350502 - 1484509 = 0, 4*n - 907193 = w. Is n prime?
True
Let d(k) = 49*k**2 + 9*k - 3. Let s(g) = 2*g**3 + g**2 + 2*g - 3. Let h(j) = -2*j + 23. Let i be h(11). Let w be s(i). Is d(w) composite?
False
Is (120/24 - 25) + 36207 prime?
True
Let r(y) = -1557*y + 3. Let h = -4 - -13. Let f be r(h). Is ((-6)/(-9))/((-20)/f) a composite number?
False
Let x(h) = 6*h + 87. Let u(k) = 20*k + 261. Let b(g) = 3*u(g) - 8*x(g). Let r be b(-7). Suppose 2*t - 3*o = 5427, 2*t + r*o = 3*t - 2706. Is t composite?
True
Let o = -192 - -191. Is 6/o*(-68)/12 a prime number?
False
Let s(q) = -1090*q - 1. Let r = -316 + 314. Is s(r) prime?
True
Let j(r) = -6*r + 16. Let k be j(2). Suppose t = -2*c + 3019, 3*c = -t + k*c + 3019. Is t prime?
True
Let w = -26 + 36. Let m(k) = -4*k**3 + 70*k**2 - 13*k - 58*k**2 + 4*k**3 - k**3 + 19 - 3*k. Is m(w) composite?
False
Suppose 15*u = 4*j + 17*u - 13471202, 3367790 = j - u. Is j a prime number?
False
Suppose -9*z = 191 + 25. Is 1531235/45 - z/(-54) a composite number?
True
Let s = -363095 - -614952. Is s prime?
True
Suppose 21 = s + 6*s. Suppose -p - s*c = -6*p + 100, 0 = -3*p + c + 60. Suppose 0 = -5*i + p, -t + 0*t - i = -93. Is t composite?
False
Suppose -108056 = -2*f - x, -4*f + 4*x = -28308 - 187840. Is f prime?
False
Let p = -95406 + 206757. Is p prime?
False
Let u = 26 - 23. Suppose -u*i + 103 = 457. Let m = 587 + i. Is m composite?
True
Let c be (1 - -33)*14/28. Let a(z) = -z**3 + 17*z**2 - z + 19. Let p be a(c). Suppose 0 = -q - 3*q + p*s + 750, -2*s = q - 175. Is q a composite number?
True
Let x = -202 + 196. Is x/(-2)*(-137252)/(-12) composite?
False
Suppose 29*j = -335 - 13. Let n be -4 + (-3 - 36/(-3)). Is ((-40)/j)/n + 794/6 composite?
True
Let f(k) = 2980*k**2 - 768*k + 43. Is f(14) prime?
True
Suppose -62*u - 52 + 261 = -39. Let f be (0/(2/(-2)))/2. Suppose -5*g - u = 21, -3*m - g + 556 = f. Is m composite?
True
Let i(r) = r**3 - 3*r**2 + 133 + 133 + 16*r - 269. Is i(5) composite?
False
Let p(i) = 1628*i - 173. Let k be p(22). Suppose 12*y - k + 2991 = 0. Is y composite?
True
Let r = 90356 - 53049. Is r composite?
False
Let d = -80073 + 139690. Is d composite?
False
Let o = -64827 + 109178. Is o prime?
True
Let y(j) = -4*j**3 + 5*j**2 + 4*j - 1. Let h be y(2). Is h + 100 + (-1 + -5 - -2) composite?
True
Let j(o) = 21*o**2 - 13*o - 61. Suppose 68 = -17*w + 13*w. Is j(w) composite?
False
Let q(u) = 4944*u - 3905. Is q(27) a composite number?
True
Suppose -4*g + 488 = 4*m - m, 5*g = -m + 610. Suppose g*j - 117*j = 4020. Let z = 2213 - j. Is z a composite number?
False
Let c = -415 + 331. Let v = -17 + 122. Let u = v + c. Is u a composite number?
True
Suppose -2*k = w - 3*k - 4303, 0 = -4*k - 12. Suppose -532 - 1186 = -2*y + 4*d, 5*d = 5*y - w. Let z = y + -514. Is z a prime number?
True
Let b be (1 + 1)/((-16)/(-80)). Let s(y) = -y - 4*y**3 + 13 - 2 - 15*y**2 + 3*y**3 + b*y**2. Is s(-8) a composite number?
False
Let v = -110488 - -175817. Is v a prime number?
False
Suppose -4*j = 2*c - 906992 + 74590, 3*c - 2*j = 1248603. Is c a composite number?
False
Let n be -4 + (-1605)/(-6)*(5 + -3). Let g = n + -42. Is g composite?
True
Suppose 3*b + 9 = 2*s - 0*s, -13 = -2*s - b. Let l be (2/s)/(3/(-9)). Is (-1166)/l + (6 - 14/2) a prime number?
False
Let p = 3066 + -4839. Let s = 2726 - p. Is s a composite number?
True
Let n(k) = 18*k**2 + 78*k + 149. Let d be n(-2). Let c be (0 - -33)/((-2)/(-20)). Let l = c - d. Is l a composite number?
True
Let p = 8120 - 3415. Suppose -5*t = 5*g - 7*g + 7823, 3*t - 4*g = -p. Let j = t - -2776. Is j a composite number?
False
Suppose -3*h = 3*u - 37239, 0*u + 3*h + 49659 = 4*u. Suppose u = 2*y + 5*o, -y - o + 3*o + 6189 = 0. Is y composite?
False
Let t(m) = 9*m + 22. Let v be t(-2). Suppose 1266 = v*k - r - 63216, 4*k - 5*r - 64474 = 0. Suppose 10*g - k = -5391. Is g a prime number?
False
Let b = 2081 + -1213. Let x = 10697 + -11072. Let p = b - x. Is p composite?
True
Suppose 5*z + 3*i = 217517, -2*z = -567*i + 566*i - 86998. Is z composite?
True
Suppose 0 = -88*l + 11*l + 8354885. Is l a prime number?
False
Let d(l) = 4*l**2 + 12*l - 5. Let v(t) = 0*t**3 - 129*t**2 - 9 + 124*t**2 - 6*t + t**3. Let o be v(6). Is d(o) a prime number?
True
Suppose -39*c + 6153480 = 7*c + 26*c. Is c prime?
False
Suppose 14*n - 5*n = 51912. Suppose -2*z = -2*i + n, -4*z = -2*z + i + 5783. Let f = -1768 - z. Is f a composite number?
True
Let u = -1571 + 5680. Is u a prime number?
False
Let m(c) = -1 + 18*c**2 - 2*c**2 + 10*c - 6. Suppose 117*o - 116*o - 9 = 0. Is m(o) a prime number?
False
Is 9 - (9 + (-143722 - -13)) composite?
True
Let t = -7340 + 4028. Let p = 145 - t. Is p a composite number?